Let p be 15/10*(48 - 0). Suppose 0*q + q = 8. Calculate the greatest common divisor of q and p.
8
Let g be (5/(-3))/(1/(-3)). Let s be 4/2 - (-3)/(-2)*-12. Calculate the highest common divisor of g and s.
5
Suppose -7 = -r - 5*w - 26, -3*r + 3*w + 33 = 0. Calculate the greatest common divisor of r and 42.
6
Let l be 5/(-3*1/(-6)). What is the highest common factor of l and 4?
2
Suppose -2*c + 4*c - 2*n - 16 = 0, -38 = -c - 5*n. Let g = -6 + 8. Let t be (78/1)/(g/3). What is the greatest common divisor of c and t?
13
Let g(t) = 10*t - 2. Let u(k) = -k**2 + 6*k + 4. Let s be u(5). Let c be g(s). Calculate the greatest common factor of c and 8.
8
Let c = -3 - 0. Let t = c + 6. Let l be 15/t + (0 - 1). Calculate the highest common divisor of l and 28.
4
Suppose -3*c = 3*w - 21, 0 = -5*w - 4*c + c + 37. Suppose 0*k - 3*i = 4*k - 221, -2*k + 110 = 2*i. Calculate the highest common factor of k and w.
8
Let z be 3/((-9)/30)*-4. Calculate the greatest common factor of 440 and z.
40
Let o = 2 - -26. Calculate the highest common factor of o and 4.
4
Let q = 42 + -32. What is the greatest common factor of 20 and q?
10
Suppose -3*t + 30 = -3*r, 1 = -2*r - 5. Let u(g) = 2*g + 7*g**2 - g**2 + 1 + 9*g**2. Let w be u(-1). Calculate the greatest common divisor of t and w.
7
Suppose -r + 9 = -13. Calculate the greatest common divisor of r and 198.
22
Let k = -5 - -3. Let q be -37 + 2 + -3 - k. Let m = 36 - q. Calculate the highest common divisor of m and 8.
8
Let f be -5*(2 - (-147)/(-15)). Let h = -8 + 21. What is the highest common divisor of f and h?
13
Suppose -5*o + 140 = -4*d, -5*o - 5*d = -22 - 118. Calculate the greatest common factor of o and 70.
14
Suppose -4*b - 7 = 9, 5*l = 3*b + 1607. Let z = l + -120. Suppose 5*k + 6*x - 3*x - 192 = 0, 5*k - 4*x - z = 0. What is the highest common factor of 26 and k?
13
Suppose 5*c - 3*c - 411 = n, 5*c - n = 1026. What is the highest common factor of c and 41?
41
Let a(g) = -3*g**2 + 3*g + 4. Let x be 2*(45/6)/5. Let p be a(x). Let k = p - -20. What is the greatest common divisor of k and 42?
6
Let q be (2/(-7))/(1/(-7)). Let o be 5 + q + -1 + 2. What is the greatest common factor of o and 40?
8
Let i = -8 + 14. Let l(p) = p**2 - 3*p - 4. Let t be l(i). Let d be (0 - 1)*2 + t. Calculate the greatest common divisor of d and 108.
12
Let w(l) = l**2 + 3*l - 14. Let g be w(7). Let f be ((-6)/4)/(3/(-16)). What is the greatest common factor of g and f?
8
Suppose -5*s - 29 = -w, 0*w = -w + 2*s + 14. Let x = 0 + 0. Suppose -w = -i - a, -4*a + x = i - 1. What is the highest common divisor of 20 and i?
5
Let b = 1 + 3. Suppose -b*m + 36 = -x - 13, -x + 6 = m. What is the greatest common divisor of 99 and m?
11
Let x(l) = 3*l + 3. Let v be x(3). Suppose -v + 32 = r. Let b = r - 14. What is the highest common factor of 2 and b?
2
Let t(u) = -3*u + 2*u + 5 - 3. Let f be t(0). Let n be 1 - 15*(f + -3). What is the greatest common factor of n and 32?
16
Let t = -72 + 224. What is the highest common factor of 38 and t?
38
Suppose -12*x = -16*x + 8. Let c be (-1)/(2/x) + 37. Calculate the greatest common factor of 12 and c.
12
Suppose 5*j - 16 = -4*m, -4*j + 5*j = -3*m + 12. Suppose -p = -3*p + 132. Let q be p/m + (-1)/2. Calculate the highest common divisor of 4 and q.
4
Suppose -81 = -2*x + 3. Suppose 0 = -a + y + 10, -y + 6*y + x = 4*a. Calculate the highest common divisor of 20 and a.
4
Let x be (-50)/4*(0 + -6). Suppose 0 = -j + 6*j - x. Let u = 18 - 12. Calculate the greatest common divisor of u and j.
3
Let p(j) be the first derivative of -30*j**4 - j**3/3 - j**2 - j + 5. Let z be p(-1). What is the highest common factor of 15 and z?
15
Let z(u) = 6*u. Let r be z(5). Let w be r/((2/(-5))/(-2)). Suppose 5*x + 3*o + 2*o - 100 = 0, 25 = x + 2*o. What is the greatest common factor of x and w?
15
Let g = -2 - -7. Calculate the highest common divisor of 25 and g.
5
Suppose -4*p + 0*p + 12 = 0. Suppose -g + m = -4 + p, -g = -3*m - 3. Suppose -5*v - 7 + 227 = g. What is the highest common divisor of 22 and v?
22
Suppose -2*y + 11 = 3. What is the highest common divisor of y and 4?
4
Suppose 0 = -3*r - 5*z + 120, 0*r + 2*r - 2*z = 96. Calculate the highest common divisor of 27 and r.
9
Suppose 0 = -3*g - 2*g + 575. Let c = g - 60. What is the greatest common divisor of 5 and c?
5
Suppose -20 = -7*p + 3*p. Suppose -s + p*s - 12 = 0, 0 = -3*w + 5*s + 843. Calculate the greatest common factor of w and 26.
26
Let g be (3*2)/(3/2). Let m(d) = 4*d**2 + 6*d + 10. Let z be m(-5). Suppose i - z = -g*i. What is the greatest common factor of 40 and i?
8
Suppose 2 = y - 0. Suppose 0 = -y*q - 3*q + 30. What is the greatest common factor of 66 and q?
6
Let j = 26 - 14. What is the greatest common divisor of 84 and j?
12
Let j = 80 - 32. Calculate the highest common factor of j and 24.
24
Let q be 26/(-10) - 10/25. Let m be (0 + 8)/(q - -5). Suppose h + 2*u - 5 = 0, -u + 30 = m*h + 10. Calculate the greatest common divisor of h and 10.
5
Let h(m) = -209*m**3 + 95*m - 95. Let r(c) = -13*c**3 + 6*c - 6. Let u(n) = -6*h(n) + 95*r(n). Let y be u(1). What is the highest common divisor of 152 and y?
19
Let p(o) = 10*o**3 - 2*o**2 - o + 1. Let d be p(2). Let j = -49 + d. Calculate the highest common divisor of 88 and j.
22
Let z(g) = 3*g**2 - 5 - 1 + 1. Let q be 9*(-1 - 0) + 1. Let a be z(q). What is the greatest common factor of a and 17?
17
Let h(m) = m + 6. Let d be h(0). Let g(s) = -s**2 + 9*s - 6. Let x be g(d). What is the highest common divisor of x and 4?
4
Let l be ((-3)/4)/((-1)/128). Suppose 0 = -h - 2 + 14. Calculate the greatest common factor of h and l.
12
Let b be (-1*20)/(-3*(-6)/(-9)). Calculate the greatest common divisor of b and 70.
10
Let y = 6 - -36. Let l = y - 27. What is the highest common factor of l and 165?
15
Let q = -4 - -15. What is the greatest common factor of q and 99?
11
Suppose d + 91 = 5*c, 4*c + 72 = 8*c - d. Suppose -5*a + c = -11. Let y(u) = 13*u**2 - 1. Let s be y(-1). What is the highest common divisor of a and s?
6
Let a = -5 - -49. Let z be 2*(a + -1 - -1). What is the highest common factor of z and 8?
8
Let r(v) = -v**3 + 8*v**2 - 6*v - 1. Suppose q + 0 - 2 = 0. Suppose 0 = -q*z - 0*z + 12. Let x be r(z). What is the highest common divisor of 7 and x?
7
Suppose -7*d = -108 - 74. What is the greatest common divisor of d and 286?
26
Let c be 1*(0/4 + -4). Let g = 19 + c. What is the greatest common divisor of g and 3?
3
Let o = -4 - -13. What is the greatest common divisor of 36 and o?
9
Let i be 21/(-28) + (-27)/(-4). What is the greatest common divisor of i and 42?
6
Let v be 4/18 + (-50)/(-18). Suppose -v*i = -4*q - i + 6, 5*q - 15 = -5*i. Let d = q - -23. Calculate the greatest common divisor of d and 25.
25
Suppose x - i - 23 = -3*x, 5*i = -4*x + 5. What is the highest common divisor of 25 and x?
5
Suppose -3*h + 9 = 0, 3*p - 3*h = 2*p + 24. Calculate the greatest common factor of 3 and p.
3
Let a be 2/4*((0 - -118) + 2). Calculate the greatest common factor of 12 and a.
12
Let i be 2 + 12*8/6. Calculate the highest common divisor of i and 180.
18
Let i(s) = -11*s - 2. Let f be i(-2). Calculate the greatest common factor of 30 and f.
10
Let i be (100/(-6))/((-4)/12). Suppose -2*g - 2*o - 8 = -i, -3*o + 13 = g. Calculate the highest common factor of 200 and g.
25
Suppose 5*s + 393 = 1193. Suppose -v - 4*v = -100. Calculate the highest common factor of v and s.
20
Suppose -4*g + 21 = -m + 4*m, -3 = -g. Suppose -44 = -m*o - j, -1 - 19 = 5*j. Calculate the highest common factor of o and 32.
16
Suppose 0 = -o - 1 + 3. Suppose o*v - 141 - 50 = -3*t, -4*t + 460 = 5*v. What is the highest common factor of v and 8?
8
Let x(i) = -i. Let q(v) = 2. Let s(a) = -6*q(a) + 6*x(a). Let y be s(-6). Calculate the greatest common factor of 6 and y.
6
Suppose -5*y - 5*l = -y + 53, -4*y - 56 = 4*l. Let k = y - -26. Calculate the highest common factor of k and 45.
9
Let f(b) = b**3 + 14*b**2 + 8*b - 5. Let p be f(-13). Suppose -52 = -2*n + 2*i - 3*i, -5*n - 4*i = -136. What is the greatest common factor of p and n?
12
Suppose 11 - 81 = -7*c. Suppose -4*a + a = 3*i - 72, 0 = 4*i - 16. Calculate the greatest common factor of c and a.
10
Let m(c) = -c + 1. Let s(q) = 17*q**2 - 3*q + 2. Let g(b) = -2*m(b) + s(b). Let l = 2 - 0. 